))/((-1)/(-5)). Let o be 4/(-5)*15/g. What is the greatest common factor of 48 and o?
6
Let v = 5 - -11. Let k = 39 + -15. Suppose c - k + 16 = 0. What is the highest common divisor of c and v?
8
Let v be 5/2*6/3. Suppose -w + 6*w = 100. Calculate the highest common divisor of v and w.
5
Let l(w) = 12*w**2 + 10*w. Let g be l(3). Calculate the greatest common divisor of g and 345.
69
Suppose 0*u - 1665 = -3*u. Suppose -5 = -5*l, -5*t + 0*l = 5*l - u. Suppose 49 = 4*a + 9. Calculate the greatest common factor of a and t.
10
Suppose -3*a + 281 = -16. Let d = -7 - -2. Let m be (-1 + d)/(14/(-21)). Calculate the greatest common factor of a and m.
9
Suppose h - 4*z - 76 = 0, 59 = h + 3*z - 10. What is the highest common divisor of h and 48?
24
Let s(m) = 3*m**2 - 12*m - 13. Let w be s(6). What is the greatest common factor of w and 23?
23
Let j(o) be the second derivative of o**4/12 - o**3/6 - 2*o**2 - 3*o. Let v be j(-4). Let a = v + 11. What is the highest common divisor of 3 and a?
3
Let a(w) = w**3 + 8*w**2 - 2*w + 3. Let d be a(-8). Calculate the greatest common divisor of 209 and d.
19
Let l = -7 - -12. Suppose -y + 12 = 2*y - 3*m, 16 = l*y - 3*m. Let i be (y - 1) + 1*19. Calculate the highest common divisor of 8 and i.
4
Suppose 5 = -5*h - 3*y + 28, -5*h + y = -39. What is the highest common factor of h and 14?
7
Let u(q) = -q**3 + 8*q**2 + 3*q + 1. Let p be u(5). What is the highest common factor of p and 13?
13
Let d = -51 + 87. Let m = 9 - 1. Let y = 17 - m. What is the greatest common factor of y and d?
9
Let r = 13 + 57. Suppose 2*v = -2*v + 112. Calculate the highest common divisor of v and r.
14
Suppose -35*p + 29*p + 66 = 0. Calculate the highest common divisor of 33 and p.
11
Let h(u) = u**2 + 11*u + 5. Let m be (2 - 13)/(8/8). Let v be h(m). What is the highest common factor of 45 and v?
5
Let h = 77 + 187. What is the highest common factor of h and 24?
24
Suppose -2*u + 17 + 17 = 0. Calculate the highest common factor of u and 136.
17
Let w = 47 + -35. Calculate the greatest common divisor of w and 12.
12
Suppose -i = 2*b - 105, b - 5*b + 111 = i. What is the greatest common divisor of i and 9?
9
Suppose -890 = -w - 4*w. Suppose 4*h = 290 + w. What is the highest common divisor of h and 13?
13
Let t(z) = 12*z**2 - z - 1. Suppose 15 = -5*l - 5*u, -5*l + u = -2*l + 1. Let k be t(l). What is the highest common factor of k and 84?
12
Suppose -219 = -5*q - 3*z, -q + 3*z = 5*z - 48. Calculate the greatest common divisor of 105 and q.
21
Let y(f) = 2*f + 6. Let u(b) = 3*b + 12. Let t(z) = -3*u(z) + 5*y(z). Let c be t(7). Suppose a = -3*a + 28. Calculate the highest common factor of c and a.
1
Let f = 7 - 7. Suppose f = 5*o + 2 - 47. Calculate the highest common factor of o and 1.
1
Let a be -2*(1 - (3 + -1)). Suppose j + 3*j = 3*o + 8, 0 = a*o - 2*j + 2. What is the highest common divisor of 2 and o?
2
Let h be (-1 - 120)/(2 + -3). Calculate the highest common divisor of 11 and h.
11
Let q = -39 + 73. What is the greatest common factor of q and 85?
17
Suppose 6 = -3*y - 0. Let q(c) be the third derivative of -c**4/12 - c**3/3 + 7*c**2. Let z be q(y). What is the highest common divisor of 1 and z?
1
Let v(w) = -w - 3. Let r be v(-5). Let k be (-348)/(r - 6) + -3. Calculate the greatest common factor of k and 14.
14
Suppose q - 2*o = 13, q + 3*o + 10 + 2 = 0. What is the highest common factor of q and 3?
3
Suppose 5*j + 32 = j. Let q(b) = -b - 3. Let w be q(j). Let l be (-84)/(-30)*2*w. What is the greatest common factor of 14 and l?
14
Let k(c) = -3*c - 3. Let f be k(-6). Let u be 20*(-2 + f/6). Calculate the greatest common factor of u and 90.
10
Let h be 4/(-26) - (-1568)/52. What is the greatest common factor of 15 and h?
15
Suppose 90 = c - 5*j, c - 63 = -2*j - 2*j. What is the highest common factor of 25 and c?
25
Suppose -2*c - 300 = -3*c. Suppose 0 = -4*w + 3*v - c, -2*w - 2*w - 3*v = 324. Let y be w/(-30) + (-4)/(-10). Calculate the highest common divisor of y and 15.
3
Suppose 1 - 11 = 5*j. Let b be 8/12 - j/6. Calculate the greatest common divisor of 7 and b.
1
Let t = 68 - 34. Let j = 56 - t. What is the greatest common factor of 2 and j?
2
Let o be 54/42 + (-2)/7. Suppose -4*p - p = -20. What is the highest common divisor of o and p?
1
Let j = -16 + 22. Let c(i) = -i**3 + 8*i**2 + 2*i + 8. Let t be c(8). What is the highest common factor of j and t?
6
Suppose -3*x = -72 + 12. Let g(i) = i**3 - 10*i**2 + 6*i - 7. Let s be g(11). What is the highest common factor of x and s?
20
Suppose -3*c = 2*k - 17, -4*c + 39 = 5*k - 0. Calculate the highest common factor of k and 56.
7
Let c(b) = 10*b**2 - 3*b - 4. Suppose -8 = 3*i - 5*i. Suppose i*l = 5*l - 3. Let q be c(l). Calculate the highest common factor of 11 and q.
11
Suppose 4*j + 33 = 5*r, 0 = -4*r + 2*r - 3*j + 4. Let h be (-59)/(-3) - r/(-15). What is the highest common factor of 20 and h?
20
Suppose 43 = 5*c - 7. Let o(x) = 52*x**3 + x**2 - 1. Let g be o(1). Suppose 2*z = q - 2 + g, 5*q = 2*z - 50. What is the greatest common divisor of z and c?
5
Suppose 0*t + 102 = t. Let k be t/9 - 4/(-6). Let i(b) = b + 1. Let y be i(2). Calculate the highest common factor of y and k.
3
Let d(r) = 11*r - 28. Let v be d(20). What is the highest common factor of 6 and v?
6
Let q(f) = -2*f - 24. Let t be q(0). Let i = -18 - t. Calculate the greatest common divisor of 4 and i.
2
Suppose -5*m + 4*b = -27 - 50, -22 = -m + 3*b. Suppose r = -2*g - 3*r + 220, -12 = -4*r. Calculate the highest common factor of m and g.
13
Suppose 0*c - 110 = -c. Calculate the greatest common divisor of c and 10.
10
Let n(z) = -3*z + 5. Let k be n(-5). What is the greatest common factor of k and 40?
20
Suppose -5*w - 3*u - 4625 = -0*u, 5*u = 2*w + 1819. Let g be (-4)/(-22) - w/11. Calculate the greatest common divisor of 12 and g.
12
Let a = 70 + -6. Calculate the highest common factor of a and 16.
16
Suppose 5*h - 5 = -0. Suppose -5*r + 15 = 2*d, -r - 2 = -d + 2. What is the greatest common divisor of r and h?
1
Let m be 10*1*2/4. Suppose -y - 3*w = -0*w - 144, m*y = -3*w + 720. Calculate the greatest common factor of 16 and y.
16
Let s be -4 + -6 + 138 + (1 - 1). What is the highest common factor of 16 and s?
16
Let b(q) = -q**3 + 5*q**2 + 2*q - 8. Let o be b(4). Let a = -10 - -6. Let h = a + o. What is the highest common divisor of h and 6?
6
Suppose 43 + 22 = 5*m. Let g be (-1*11)/(1/(-5)). Let l = g - 29. What is the highest common factor of m and l?
13
Suppose 170 = 3*s + 152. Suppose 8 = -j + 32. What is the greatest common divisor of j and s?
6
Let i be (-54)/24*(-64)/6. Suppose -2*z - 2*d = -10, 10 = 4*z - 3*d + 5*d. Let p be -1 - z - (-41 - -4). Calculate the highest common divisor of i and p.
12
Let b be (3 + 12)*2/6. Let a(x) = -5 + b + 6*x. Let c be a(1). Calculate the greatest common factor of 3 and c.
3
Let g be (-2 - -3) + -3 + 14/1. What is the highest common divisor of g and 12?
12
Let p = 5 - -5. What is the highest common factor of p and 40?
10
Let m = 34 - -13. What is the highest common divisor of m and 141?
47
Suppose -576 = -13*r + r. Calculate the highest common divisor of r and 12.
12
Let l(o) = -o**3 - 10*o**2 - 20*o - 1. Let t be l(-8). Calculate the highest common factor of t and 124.
31
Suppose -2*k + 7*k + 3*q = 49, 0 = -2*k + q + 24. Calculate the highest common divisor of k and 121.
11
Suppose 0 = -5*t - 4*y - 106, 0 = -t + 2*t - 3*y + 6. Let h be 40/(-2)*t/24. Calculate the highest common divisor of h and 3.
3
Suppose -4*t = -t. Let s be (-1 - t) + 4/2. Let h = s - 0. Calculate the highest common factor of 5 and h.
1
Suppose -5*k - 2*t = t - 2634, -5*k + 3*t = -2646. Calculate the highest common divisor of 48 and k.
48
Let s be 39*(-1 - 12/(-9)). Let i = s + -7. What is the highest common factor of 2 and i?
2
Let n = 1 - -5. Suppose t = -t + n. Let c = 32 + -23. Calculate the greatest common divisor of c and t.
3
Suppose -4*i + l + 3*l = 16, i + 5*l = 20. Suppose -2*n = -i*n - 112. Calculate the greatest common factor of n and 14.
14
Let g(o) = o**3 - 7*o**2 - 5*o + 4. Let c be g(8). Let l = c + -12. Suppose m - 103 = -3*i - 2*i, -i - 645 = -5*m. What is the highest common factor of m and l?
16
Suppose -4*o = 3*k - 16, -5*k - 4*o + 35 = o. Calculate the greatest common divisor of 